 731172241 a multiple of 48?
False
Is 54 a factor of 72303348?
False
Is 2984384 a multiple of 221?
True
Does 13 divide 1501107940?
False
Is 247 a factor of 18558345?
True
Does 557 divide 1599895319?
False
Is 14251824 a multiple of 114?
True
Is 93 a factor of 91078155?
True
Is 3312 a factor of 108550800?
True
Is 205156767 a multiple of 2996?
False
Is 65 a factor of 4905680?
True
Is 144777358 a multiple of 11?
True
Does 464 divide 322461440?
True
Is 21 a factor of 31727010?
True
Does 95 divide 6544700?
False
Does 68 divide 16091248?
True
Is 74 a factor of 3719270?
False
Is 72636750 a multiple of 162?
True
Is 705 a factor of 86612775?
True
Is 2129 a factor of 1638147045?
False
Is 494 a factor of 1114600838?
True
Is 77044325 a multiple of 205?
False
Is 11398039 a multiple of 97?
False
Does 19 divide 1948264462?
False
Is 14 a factor of 23654246?
True
Is 78627020 a multiple of 325?
False
Does 1194 divide 884152849?
False
Is 209 a factor of 17192293?
False
Is 1356 a factor of 3399757?
False
Is 22 a factor of 21457810?
True
Does 1144 divide 50378328?
True
Is 278 a factor of 2259696868?
True
Is 867401250 a multiple of 750?
True
Is 16961525 a multiple of 175?
True
Is 58 a factor of 1093971988?
True
Is 9364244 a multiple of 59?
True
Is 243309750 a multiple of 159?
True
Is 803 a factor of 223152897?
True
Is 178 a factor of 305274628?
True
Is 41228835 a multiple of 15?
True
Does 106 divide 393529669?
False
Is 2047811580 a multiple of 18?
True
Is 3016272 a multiple of 336?
True
Is 931378357 a multiple of 222?
False
Does 7 divide 9211169?
False
Is 851366412 a multiple of 824?
False
Is 379804032 a multiple of 8?
True
Is 453265050 a multiple of 3790?
True
Is 341915526 a multiple of 28?
False
Is 26175174 a multiple of 50?
False
Is 73593 a multiple of 1989?
True
Is 373 a factor of 756656610?
True
Is 57544311 a multiple of 46?
False
Does 1249 divide 42550608?
False
Does 8486 divide 1792421406?
True
Does 212 divide 15255944?
True
Is 445 a factor of 1817873950?
True
Is 5177904 a multiple of 1209?
False
Is 9 a factor of 211504824?
True
Does 9 divide 70791284?
False
Is 1465037040 a multiple of 30?
True
Is 471 a factor of 89949791?
False
Is 73 a factor of 27279589?
True
Does 791 divide 44687371?
False
Is 21038460 a multiple of 291?
False
Is 637558064 a multiple of 134?
True
Is 41873292 a multiple of 18?
True
Is 18 a factor of 69455664?
True
Is 27694080 a multiple of 601?
True
Is 8283942 a multiple of 18?
True
Is 15229589 a multiple of 21?
False
Is 100 a factor of 159287100?
True
Is 950 a factor of 126730000?
True
Is 11 a factor of 71438719?
True
Does 16 divide 21582096?
True
Is 630 a factor of 141156540?
True
Is 24017688 a multiple of 3012?
True
Is 1020443530 a multiple of 1068?
False
Is 23 a factor of 12724750?
True
Is 415193715 a multiple of 78?
False
Does 10 divide 135016971?
False
Is 71051868 a multiple of 342?
True
Is 55605207 a multiple of 5?
False
Is 515 a factor of 2000775?
True
Does 888 divide 110707848?
True
Is 66017049 a multiple of 109?
True
Does 1423 divide 36869339?
False
Does 45 divide 225585763?
False
Is 14835535 a multiple of 169?
False
Is 58620577 a multiple of 1142?
False
Does 16 divide 485531352?
False
Is 5 a factor of 107085296?
False
Is 343 a factor of 13863107?
False
Is 5 a factor of 53740785?
True
Is 1392460270 a multiple of 5?
True
Does 34 divide 12895388?
False
Is 1390427280 a multiple of 340?
True
Does 46 divide 48853012?
True
Does 3 divide 6278089?
False
Is 240734045 a multiple of 384?
False
Is 521 a factor of 48408332?
False
Is 10601052 a multiple of 183?
False
Is 6229172 a multiple of 3?
False
Is 26 a factor of 108045522?
True
Does 147 divide 3909649257?
False
Is 9215029 a multiple of 32?
False
Does 69 divide 41667237?
True
Is 36 a factor of 56033028?
True
Is 6921240 even?
True
Is 135531409 a multiple of 110?
False
Is 37 a factor of 101659943?
False
Is 1082093611 a multiple of 4?
False
Is 38592218 a multiple of 3?
False
Is 30654376 a multiple of 134?
True
Is 43 a factor of 178835076?
False
Is 54598000 a multiple of 250?
True
Does 67 divide 63289680?
False
Is 29 a factor of 24012648?
False
Does 2375 divide 1106691098?
False
Is 59 a factor of 342428507?
True
Does 15 divide 8259795?
True
Does 56 divide 987448738?
False
Is 15464308 a multiple of 841?
True
Is 275 a factor of 17328259?
False
Is 90959034 a multiple of 115?
False
Is 134161265 a multiple of 472?
False
Does 269 divide 24649720?
False
Does 417 divide 28278717?
False
Is 139905480 a multiple of 10?
True
Is 371816888 a multiple of 4?
True
Does 502 divide 37781286?
False
Does 1311 divide 231433981?
False
Is 2047205137 a multiple of 1851?
False
Is 1443557918 a multiple of 17?
False
Is 2860 a factor of 23057320?
True
Does 19 divide 878320861?
False
Is 341 a factor of 31413943?
True
Is 332 a factor of 835960064?
True
Is 42 a factor of 1454138?
False
Is 413584970 a multiple of 2014?
True
Does 2 divide 22870191?
False
Does 4 divide 73724426?
False
Is 169277368 a multiple of 148?
True
Is 72244942 a multiple of 341?
True
Is 368 a factor of 34830096?
True
Is 705658868 a multiple of 101?
False
Is 142955942 a multiple of 17?
False
Does 77 divide 1602666?
False
Is 894 a factor of 676153068?
False
Is 117 a factor of 40751217?
True
Is 55 a factor of 216192955?
True
Is 24144156 a multiple of 108?
True
Is 1197 a factor of 1703276248?
False
Does 626 divide 9826864?
False
Is 23 a factor of 37616849?
False
Is 4 a factor of 68981137?
False
Is 31 a factor of 17581377?
False
Is 43 a factor of 387165897?
False
Does 174 divide 27224164?
False
Does 300 divide 636312600?
True
Is 10 a factor of 843615812?
False
Is 159616926 a multiple of 63?
True
Does 60 divide 251100420?
True
Is 1131 a factor of 33968174?
False
Does 151 divide 41149010?
True
Is 192 a factor of 39920448?
True
Is 22977097 a multiple of 143?
True
Is 626 a factor of 518920822?
True
Is 26058552 a multiple of 2312?
True
Does 33 divide 364434015?
True
Is 1563 a factor of 616348731?
True
Does 602 divide 88544568?
True
Is 1431 a factor of 274125591?
False
Does 5 divide 5555073?
False
Is 13927471 a multiple of 350?
False
Does 328 divide 3020002533?
False
Does 14 divide 1537196752?
True
Is 5765726700 a multiple of 75?
True
Is 4 a factor of 26173508?
True
Is 302148189 a multiple of 1035?
False
Is 15 a factor of 131780295?
True
Does 13 divide 509678235?
False
Is 954544812 a multiple of 127?
False
Does 5 divide 31784545?
True
Does 855 divide 352460925?
True
Does 4 divide 83595733?
False
Is 19421017 a multiple of 96?
False
Is 15141000 a multiple of 412?
True
Is 72688864 a multiple of 2725?
False
Is 47 a factor of 3107839938?
True
Is 250231538 a multiple of 414?
False
Does 25 divide 10149026?
False
Is 331 a factor of 10216315?
True
Is 17 a factor of 1511244?
False
Is 549302026 a multiple of 127?
False
Is 21 a factor of 9962295?
True
Is 13 a factor of 7170982?
True
Is 119382816 a multiple of 336?
True
Is 440 a factor of 3578960?
True
Does 166 divide 25832216?
False
Does 280 divide 54349400?
True
Is 1054 a factor of 735687784?
True
Does 1578 divide 573264122?
False
Does 3 divide 52311?
True
Does 8 divide 91201917?
False
Is 33432510 a multiple of 262?
True
Is 4042291140 a multiple of 986?
False
Is 11 a factor of 26921495?
False
Is 5718543 a multiple of 1115?
False
Is 12 a factor of 498290040?
True
Is 29 a factor of 4867048453?
True
Does 1102 divide 4863126?
True
Is 1287597993 a multiple of 11?
True
Is 2808701888 a multiple of 16?
True
Is 7521322 a multiple of 23?
True
Is 56905216 a multiple of 256?
True
Is 3504 a factor of 509874048?
True
Does 19 divide 1185972947?
False
Is 1151726030 a multiple of 170?
True
Is 1479 a factor of 22557038?
False
Does 3716 divide 214695616?
True
Is 286360138 a multiple of 86?
False
Is 18 a factor of 4796885?
False
Is 3 a factor of 55246970?
False
Does 5 divide 1764472?
False
Does 24 divide 444264845?
False
Does 127 divide 553114310?
False
Is 149865183 a multiple of 1989?
True
Does 26 divide 208907842?
True
Is 6 a factor of 3299383?
False
Is 676 a factor of 205728432?
True
Is 1099 a factor of 441281470?
True
Is 20 a factor of 24422540?
True
Is 94514045 a multiple of 1026?
False
Is 12 a factor of 134087328?
True
Does 38 divide 552980547?
False
Is 2819634405 a multiple of 20?
False
Does 24 divide 4148231?
False
Does 1301 divide 14